lculate the remainder when q(-4) is divided by 11.
10
What is the remainder when (-130 - 0)*6/(-12) is divided by 17?
14
Suppose 0 = -f - f + 5*j - 5, -3*f + 2*j + 20 = 0. Calculate the remainder when 39 is divided by f.
9
Suppose -3*z = k + 9 + 7, 0 = -k + 3*z + 14. Let f = -3 - k. What is the remainder when 16 is divided by f/(-1) - 0 - -4?
4
Let k(m) = -4 + 6*m + m**2 - 4*m + 2. Let q be 2/(-7) - (-23)/7. What is the remainder when k(q) is divided by 5?
3
Let t(y) = 5 + 3*y**3 - 7*y**2 - y - 3*y - 5*y**3. Suppose -18*l - 5 = -185. What is the remainder when t(-4) is divided by l?
7
Let y(o) be the second derivative of o**3/6 + 2*o**2 + 2*o. Let r be y(-5). Calculate the remainder when 32 + -1 - (-1 - r) is divided by 11.
9
Let y = 5 + 1. What is the remainder when y is divided by 2?
0
What is the remainder when (40/(-36))/(-5) + (-2512)/(-36) is divided by 18?
16
Suppose l - 4 = 28. What is the remainder when l is divided by 11?
10
Suppose 3*b = 7*b + 100. Let n = b + 56. What is the remainder when n is divided by -1 - 1/((-1)/9)?
7
What is the remainder when (2/(-6))/(((-10)/372)/5) is divided by 17?
11
Let i(h) = 33*h**2 - 1. What is the remainder when i(-1) is divided by (17/4)/((-1)/(-4))?
15
Let f be ((-2)/(-4))/((-3)/(-36)). Suppose 33 = f*z - 3*z. Calculate the remainder when 20 is divided by z.
9
Let b(p) = -p + 23. Let w(u) = -u**3 + 4*u**2 + 5*u. Let n be w(5). Calculate the remainder when b(n) is divided by 12.
11
Suppose -3*v - 2*x = 3*x + 22, 5*x = -25. Suppose -8*g = -3*g - 5. Calculate the remainder when v is divided by g.
0
Let z(y) = y**2 - 4*y - 4. Let f(v) = v + 1. Let s be f(2). Suppose 2*c = -g - c + 21, s*g - 13 = c. Calculate the remainder when 14 is divided by z(g).
6
Let d be 0 - ((3 - 6) + 4). Let l be -2 - -2*d/(-2). What is the remainder when 2 is divided by l/(-2 + 6/4)?
0
Suppose 42*b = 43*b - 9. What is the remainder when 123 is divided by b?
6
Let c(y) = -y**3 + 9*y**2 - 8*y + 12. Calculate the remainder when 35 is divided by c(8).
11
Let s(q) = -q**3 - 3*q**2 - q + 3. Let i be s(-3). What is the remainder when 43 is divided by 68/3 + 2/i?
20
Suppose -4*p - 3 = 1. What is the remainder when (-1 - (p - 0)) + 2 is divided by 2?
0
Let g = -1 + 0. Let c = 9 + g. Let o = c - 4. What is the remainder when o is divided by 3?
1
Suppose -64*q + 42 = -61*q. What is the remainder when 137 is divided by q?
11
Let a(x) = -27*x - 2. Let q be 0/(0 + 3) - 1. What is the remainder when a(q) is divided by 13?
12
Let f = -137 + 207. Let k = -62 + 38. Let s = 42 + k. What is the remainder when f is divided by s?
16
Let f = 28 + -6. Suppose 74 = 2*z - 0*z. Let m = z - -6. What is the remainder when m is divided by f?
21
Let t = 6 - 3. Suppose 2*p - p + 14 = -4*l, -12 = -4*p + l. What is the remainder when t is divided by p?
1
Let o(s) = -s**2 - s + 1. Calculate the remainder when (-20)/(-12) - (-1)/3 is divided by o(-1).
0
Let n(q) be the first derivative of 67*q**2/2 - q + 3. Let z = 13 + 4. What is the remainder when n(1) is divided by z?
15
Suppose -4*k + 2*g = -102, -10*k - 3*g = -5*k - 133. What is the remainder when 75 is divided by k?
23
Let p(n) = n - 1. Let t be p(2). What is the remainder when 10 is divided by (-3 + t)/((-6)/9)?
1
Let z(d) = -d**2 - 4*d. Let j be z(-4). Let a(g) = 3*g + j + 2*g - 4 + 1. Calculate the remainder when a(5) is divided by 12.
10
Suppose 0 = 3*x - x - 42. Let k = x + -13. Suppose -s = -k - 44. What is the remainder when s is divided by 18?
16
Let v = -69 - -99. Calculate the remainder when v is divided by 11.
8
Suppose 2*r = 4*r - 34. Calculate the remainder when 118 is divided by r.
16
Let b = 317 - 299. Let g = -4 - -11. Calculate the remainder when b is divided by g.
4
Suppose -m - 29 = -3*c, -4*c - m = -3*c - 15. What is the remainder when c is divided by 5?
1
Let f = 1 + 1. Let r(b) = -1 - 2 - 1 + 3*b. Calculate the remainder when r(3) is divided by f.
1
Suppose y + 4*y = 4*t + 13, 0 = t - 2*y + 7. Let q = 19 + -10. What is the remainder when q is divided by t?
0
Suppose 19 = 2*u - u. Let h = 54 - 17. Calculate the remainder when h is divided by u.
18
Let q(p) = -10*p - 3. Let m be q(-6). Suppose -l - 29 = -x, -5*x + m + 92 = -3*l. Calculate the remainder when x is divided by 16.
15
Let g(i) = i + 27. Let r be g(0). Suppose -2*t - 3*t = 0. Suppose -5*m - v + r - 3 = t, 5*m - 2*v - 27 = 0. What is the remainder when 9 is divided by m?
4
Let c(t) be the third derivative of -t**6/120 - t**5/30 - t**4/8 + t**3/6 + 3*t**2. What is the remainder when c(-4) is divided by 12?
9
Let k(z) = -12*z - 35. Calculate the remainder when k(-5) is divided by (-34 + -1)*4/(-10).
11
Let x be (-19)/(-3) + (-2)/6. Let s = 0 - -16. Calculate the remainder when (-94)/(-3)*x/4 is divided by s.
15
Let o = 557 + -329. Suppose 0 = 6*c - 2*c - o. Calculate the remainder when c is divided by 15.
12
Let y(u) = 6*u**2 + u + 3. What is the remainder when y(6) is divided by 38?
35
Suppose -330 = -5*s + 4*m, 7*m - 4*m = -4*s + 233. Calculate the remainder when s is divided by 9.
8
Let u(s) = s**3 + 10*s**2 - 2*s - 14. What is the remainder when u(-10) is divided by ((-2)/5)/(2/(-10))?
0
Let q = 24 + -19. Suppose -2*n = -2 - 2. What is the remainder when q is divided by n?
1
Let q(o) = o**3 + 10*o**2 + 7*o - 6. Calculate the remainder when q(-9) is divided by 5.
2
Let l = 130 + -121. Calculate the remainder when 68 is divided by l.
5
Suppose l = 15 + 58. What is the remainder when l is divided by 38?
35
Suppose -l - 20 = -6*l. Suppose -4*d - 40 - 14 = -2*h, h = -l*d - 3. What is the remainder when h is divided by 9?
8
Suppose 5*c + 38 = s, 2*s - 2*c + 7*c = 16. Let w(p) = -p**3 + 7*p**2 + 7*p + 3. Suppose -2*m + 17 = 3. Calculate the remainder when w(m) is divided by s.
16
Suppose 29 = 4*n + y, -2*n - 4*y + 1 + 31 = 0. Calculate the remainder when 17 is divided by n.
5
Suppose -7*h + 9*h - 66 = 0. Let s be ((-54)/4)/(3/(-4)). Let k = h - s. What is the remainder when 28 is divided by k?
13
What is the remainder when 68*(21/(-4))/(-3) is divided by 15?
14
Suppose 0 = -0*m + 5*m - 55. Let g = m + 2. What is the remainder when 25 is divided by g?
12
Suppose -5*c - 5*l = -10, 0 = l + 3*l. Suppose 28 = 5*r - c. Suppose a - 5*a = -84. Calculate the remainder when a is divided by r.
3
Suppose 0*h - 3*h + 18 = 3*z, h - 3*z = 6. What is the remainder when 15/(-100)*-4*35 is divided by h?
3
Let z = -1 - -1. Suppose 0 = -z*f - 5*f + 10. Suppose 3*o - 12 = 0, 0 = -f*c - 3*c - 5*o + 110. Calculate the remainder when 34 is divided by c.
16
Suppose a = 2*j + 7, -5*a - 3*j + 97 = 10. What is the remainder when 43 is divided by a?
13
Suppose -r = -4*b - 3*r + 46, b - 24 = -3*r. Calculate the remainder when 15 is divided by b.
6
Let i be 3/(12/(-8))*-14. Let r = 56 - i. Calculate the remainder when 83 is divided by r.
27
What is the remainder when 93 is divided by ((-18)/(-30))/(1/35)?
9
Let m = -1 + 13. Suppose 4*o - m = 52. Calculate the remainder when 47 is divided by o.
15
Let h = 6 - 6. Let v(z) = 4*z**3 - z**2 + 1. Let p be v(1). Suppose 3*w = -5*l + 16, w + 6 = -h*w + p*l. Calculate the remainder when 4 is divided by w.
0
What is the remainder when 22 is divided by 1*(3 + 3 - 2)?
2
Let q(r) = -r - 15. Let l(n) = 2*n + 31. Let i(f) = -6*l(f) - 13*q(f). What is the remainder when i(-7) is divided by 2?
0
Let j = 12 + -7. Suppose -2*l + j*l = 0. Suppose -4*q + 2*q + 16 = l. What is the remainder when q is divided by 5?
3
Suppose 0 = 5*v - 1 - 9. Suppose 0 = 4*h - 2*b - 160, -v = -b + 2. Calculate the remainder when h is divided by 11.
9
Let o(i) = -i**3 - 9*i**2 - 9*i. Calculate the remainder when 79 is divided by o(-8).
7
Let u = 40 - 22. What is the remainder when u is divided by 7?
4
Let c be (6/(-5))/((-2)/(-220)). What is the remainder when 13 is divided by (-4)/(-10) + c/(-20)?
6
Let t = 78 - 75. What is the remainder when 13 is divided by t?
1
Suppose -13 = -a - 6. Let p(y) = -y**3 + 8*y**2 + 4. Let v be 1/3 + 115/15. Calculate the remainder when a is divided by p(v).
3
Let u = 21 + -12. What is the remainder when u is divided by 2?
1
Let c = -1072 + 496. Let h be 4/14 - c/42. Suppose -3*l + 5 = 4*s - h, 2*l - 20 = s. What is the remainder when 15 is divided by l?
6
Suppose -r + 3*l - 155 = 3*r, 132 = -3*r - 3*l. What is the